uppose -4*s + 2*s + 22 = i, -3*i - c = 0. Calculate the highest common divisor of 8 and s.
4
Let s(y) = -47*y - 1. Let x be s(-4). Let v be 290/6 - 4/12. Let t = -31 + v. What is the highest common factor of t and x?
17
Let r = 54 + -29. Calculate the greatest common divisor of 5 and r.
5
Suppose 2*o + 3*o - 10 = 0. Let g = o - -4. What is the greatest common factor of g and 4?
2
Let m(a) = a - 9. Let x be m(9). Let s(y) = -y**2 + 45. Let u be s(x). Let n = 26 - -4. Calculate the highest common divisor of n and u.
15
Suppose -3*i + 2*i + 7 = 0. Let l be (-2)/i + (-852)/(-42). What is the greatest common factor of 5 and l?
5
Let s = 3 - 1. Let n(x) = x - 1. Let o be n(s). What is the greatest common factor of o and 7?
1
Let b(a) = 2*a - 5. Let y = 13 + -18. Let p be b(y). Let m be 52/6 - 5/p. What is the greatest common factor of m and 1?
1
Let l(z) = -z - 8. Let k be l(0). Let b = k + 13. Calculate the highest common divisor of b and 25.
5
Suppose -4*u = -0*u - 1552. Suppose 4*g + 412 = 4*z, 2*z + 2*z + 4*g - u = 0. Calculate the greatest common factor of z and 40.
20
Let m = -27 + 52. What is the highest common divisor of 5 and m?
5
Let l = -74 + 48. Let m = 2 - l. What is the highest common factor of m and 28?
28
Let g(a) be the third derivative of -19*a**4/24 - a**3/3 - 3*a**2. Let k be g(-6). What is the greatest common divisor of k and 16?
16
Let p be 52/5 + (-14)/35. Let a be 0*2*(-2)/(-4). Suppose a = -3*n - 2*r + 67, -2*n + 62 = -2*r - r. What is the greatest common factor of n and p?
5
Let g(k) = k**3 - 7*k**2 + 8*k - 2. Let r be g(6). Let d(m) = -15*m**3 - 2*m**2 - 2. Let z be d(-2). Calculate the highest common factor of r and z.
10
Let j be (6/15)/((-2)/(-60)). Let t(f) = -2*f**2 + 3*f + 4. Let s be t(3). Let i = s + 8. What is the greatest common factor of i and j?
3
Suppose -5*p - d = d - 37, -4*p - d + 29 = 0. Suppose -n - 77 = -2*n. Calculate the greatest common factor of p and n.
7
Suppose 2*r - 1630 = 14*v - 18*v, -812 = -2*v - 4*r. What is the highest common divisor of v and 24?
24
Suppose 2*n + 2*u = 124, -272 = -n - 3*n + 4*u. Calculate the highest common factor of 13 and n.
13
Let o be 8/(-36) + (-4)/(-18). Suppose o = -0*b + 2*b - 110. Let m be ((-11)/(1/(-1)))/1. Calculate the highest common factor of m and b.
11
Let h(d) = 2*d**2 - 13*d - 2. Let i be h(10). What is the highest common factor of 17 and i?
17
Suppose 5 = -4*s + 5*n + 46, -5*s + 47 = -2*n. Let j(v) = -v**2 - 3*v - 2. Let y be j(-2). Let k = y + 1. What is the greatest common divisor of s and k?
1
Let a = 82 - 51. Calculate the greatest common divisor of a and 186.
31
Suppose -4 = -3*d + 4*a, a - 2 + 3 = 2*d. Let i be (-4)/(d + 2) - -87. Calculate the greatest common divisor of 34 and i.
17
Suppose 67 = 3*x - 2*k + 4*k, 3*k - 48 = -2*x. Calculate the greatest common divisor of x and 7.
7
Suppose 4*f - 3*x = -x + 204, -x = 5*f - 255. Calculate the highest common divisor of f and 34.
17
Let k(w) = -2*w - 5. Let i be k(-4). Suppose 3*g + 2*g - 4*h = 4, 0 = -i*g + h + 8. Calculate the greatest common factor of g and 20.
4
Let r(n) = -n**3 - 11*n**2 - 10*n + 1. Let d be r(-10). Let t be d/(4 - 7)*-48. What is the greatest common divisor of 8 and t?
8
Let w be 8/3*(-15)/(-10). What is the highest common factor of 4 and w?
4
Let i be (-164)/(-10) - (-6)/(-15). Suppose f - 4*k - 56 = 0, -2*k - 2*k = -4*f + 200. Calculate the highest common factor of i and f.
16
Suppose -2*j + 6 - 2 = 0. Suppose -4*d + 2*t = -t - 516, t = j*d - 260. Calculate the greatest common divisor of 12 and d.
12
Let k = 9 - 4. Suppose 7*q - k = 2*q. Let y(b) = 2*b**2 - b. Let u be y(1). What is the greatest common divisor of q and u?
1
Let a be 134/8 - (-2)/8. What is the greatest common divisor of a and 85?
17
Suppose -2*i + 10 = 3*i. Suppose 0 = r - 5, 0 = a + i*r - r - 23. What is the highest common divisor of 6 and a?
6
Let n = 103 + -68. Let i(j) = -j**2 - 15*j + 30. Let w be i(-16). What is the highest common divisor of n and w?
7
Let u = -31 - -35. Calculate the highest common divisor of u and 32.
4
Let u be (-10)/(-3)*981/6. Suppose -l - 442 = -5*l + 2*w, 5*l = w + u. Calculate the greatest common divisor of l and 12.
12
Suppose 0 = b + 4*b + 15, -2*v + 7 = 3*b. What is the greatest common divisor of v and 88?
8
Let b be 0/((-1)/((-3)/6)). Suppose z + b*z - 4 = 0. Let n = 3 - -1. Calculate the highest common divisor of n and z.
4
Let s = -175 - -85. Let u(t) = 9*t + 2. Let k be u(2). Let b be (32/k)/((-4)/s). Calculate the highest common factor of 4 and b.
4
Let r = 45 + -29. What is the highest common divisor of r and 80?
16
Let f = -7 + 19. Suppose 0 = 4*k - 0*a + a + 53, -5*a = -2*k + 1. Let b be (0 - 9)*4/k. What is the highest common factor of f and b?
3
Let x(r) = r**3 - 8*r**2 + 9*r - 2. Let s be x(7). What is the highest common factor of 12 and s?
12
Suppose -d + 2*l + 7 = 0, 0 = 5*d - 6*d - 5*l + 35. Suppose 0*h + 5*h = 0. Suppose -4*y - 60 = -z - y, h = 2*y. Calculate the greatest common factor of d and z.
15
Suppose -5*l + 5*r + 95 = 0, -2*r - 8 = 2. Suppose -5 = -q, 2*o + q - 27 = 4*q. What is the highest common divisor of o and l?
7
Let a(u) = -u**3 + 3*u**2 + 5*u + 2. Let w(k) = -k**3 - 8*k**2 - 9*k - 10. Let p be w(-7). Let z be a(p). Calculate the highest common factor of z and 12.
6
Suppose -283 = 4*x + 173. Let f = 234 + x. Calculate the highest common divisor of f and 15.
15
Let q(f) = f**3 + 5*f**2 - 7*f - 5. Let g be 2 + 0 + -6 - 2. Let m be q(g). Let j be m/(-2) - (-99)/6. Calculate the greatest common divisor of 2 and j.
2
Let p be (3/(-2))/(12/(-40)). Suppose -1 = p*u - 6. Calculate the highest common divisor of u and 9.
1
Let l = -2 + 3. Let f(p) = 170*p**2 + 2*p - 1. Let b be f(l). Calculate the highest common divisor of 19 and b.
19
Let i be 16 + 1 - -1*(1 - 1). Calculate the highest common factor of 119 and i.
17
Let x(d) = d**3 - 8*d**2 + 3*d - 20. Let b be x(8). Suppose 3*u = 4*i - 47, -3*i + 8*i = 4*u + 60. What is the greatest common factor of i and b?
4
Suppose 4*i + 5*o = -30, 10 = -5*i + 4*o - 7. Let v = i + 9. Suppose v*q = j - 19, -j = 4*q - 2 + 7. What is the highest common divisor of j and 49?
7
Let d(p) = -p**3 + 7*p**2 - 5*p. Let q be d(5). Suppose -q = -4*o - o. Let c be 27/15 + (-2)/(-10). Calculate the greatest common factor of o and c.
1
Suppose 3*s = 2*d - 29, -s - 6 + 39 = 2*d. What is the highest common factor of d and 24?
8
Suppose 3*z - 182 = -2*h + 2*z, -z + 272 = 3*h. Let c = 7 + -4. Suppose c*d + 2*d - 41 = 3*o, -3*o + 49 = 4*d. What is the greatest common factor of h and d?
10
Let o = -62 - -126. Suppose 9*s = 4 + 68. What is the highest common divisor of s and o?
8
Suppose k = 1 + 1. Suppose 34 = k*o + 3*p, -2*o - 44 = -4*o + 2*p. Let i = 11 + -6. What is the highest common factor of o and i?
5
Let r be 15/(-2)*(-60)/45. Let v(k) = -2*k. Let p be v(-2). Let b be 1/p - 78/(-8). What is the greatest common divisor of b and r?
10
Let t(g) be the first derivative of 5*g**3/3 + g**2 - g + 1. Let w be t(-4). Suppose -259 = -3*y + w. What is the greatest common divisor of y and 10?
10
Suppose 0 = 3*l + 2*g - 122 + 31, 2*l = g + 56. Suppose -5*p - 3*z + 38 = 0, 3*p + 5 = -3*z + l. Calculate the greatest common factor of p and 7.
7
Let s be (-4)/(-10) - 36/(-10). Suppose -r - 2 = s*q - 24, -3*r + 110 = q. Suppose -2*o - 2*o + 228 = 0. Calculate the highest common divisor of r and o.
19
Suppose 524 = 4*t - 2*h, 4*t = -0*t + 3*h + 526. Let l be (-262)/(-5) + (-4)/10. What is the highest common factor of l and t?
26
Suppose 8 + 4 = 4*j. Calculate the greatest common divisor of j and 18.
3
Let n = 68 + -31. Suppose 4*a - 3*r + 41 = 0, 3*a + 2*r - 4*r = -31. Let x = n - a. What is the greatest common divisor of 12 and x?
12
Let q be 0/(5/(15/(-6))). Let z be 0 + (q + -2 - -46). Calculate the greatest common factor of 11 and z.
11
Suppose -8 = 42*r - 44*r. Suppose -2*d + u - 9 = -33, -2*u - 36 = -3*d. What is the highest common factor of d and r?
4
Suppose 2*k - 4*x = -0*k + 16, 3*x - 6 = 0. Suppose 238 = 5*f - 2*d, -2*f + 79 + 12 = -5*d. What is the greatest common divisor of k and f?
12
Let t(h) = -3*h - 4. Let q be t(-5). Suppose 3*z = -z - 1016. Let b = -155 - z. Calculate the highest common divisor of b and q.
11
Let i(j) = -j**3 - 4*j